mber?
False
Is (-48)/312 - 28953/(-13) prime?
False
Let y be 1/(4*(-2)/(-16)). Is (-15580)/(-15) - y/(-6) prime?
True
Suppose 0 = -v - 2*n - 18, 2*n - 66 = -0*v + 2*v. Let k = -7 - v. Is k a prime number?
False
Suppose 0*n = -3*s - 3*n - 279, -4*s - 345 = -5*n. Suppose -79*b + 26*b - 583 = 0. Let d = b - s. Is d prime?
True
Let g = 3593 + 7866. Is g composite?
True
Suppose -5*t + 20391 + 3364 = 0. Is t composite?
False
Let y be 246*3/(-12)*(-20)/3. Suppose -m = 63 - y. Is m a prime number?
True
Suppose 344 = -s + 5*s. Suppose -86 - s = -4*q. Is q + 5/(5/(-4)) prime?
False
Let d = 8 - 6. Suppose 0 = -i + d*i - 6. Is i/(-4)*(3 - 9) composite?
True
Suppose 4 = 67*n - 66*n. Suppose -n*h + 2497 = -1483. Is h composite?
True
Suppose 2*g - 4 = 4*g + 4*m, -15 = 5*m. Suppose -f + 265 = -t + g*t, -2*f + 2*t + 498 = 0. Is f a composite number?
True
Let n = -3283 - 1632. Let p = -3314 - n. Is p prime?
True
Let j = 147 + -125. Let i be 1*2 + (-4 - 7). Let s = j - i. Is s a composite number?
False
Is 596/(-6)*69/(-46) prime?
True
Let b be (-19)/(-6) + 6/(-36). Suppose -b*x - 2*z = -5*z - 2574, 0 = -5*z + 15. Let i = x - 532. Is i a composite number?
True
Let f = 352 + -234. Let t = f - -76. Is t a composite number?
True
Is 5/((-250)/20) - (-26297)/5 a composite number?
True
Let s be (-2)/(4/6*-1). Suppose -2*j - c + 7 - 25 = 0, s*j + c + 26 = 0. Let i(x) = -3*x**3 - 7*x**2 + 5*x + 1. Is i(j) prime?
True
Let x be 44864/120 + 4/30. Let j = x - -476. Let r = -511 + j. Is r composite?
True
Let c(x) = x**3 + 2*x**2 + 10*x + 4. Let p(l) = 2*l**3 + 4*l**2 + 19*l + 8. Let m(b) = 5*c(b) - 3*p(b). Is m(-5) prime?
False
Suppose -146 = k - 3*w - 1318, -k - 5*w = -1148. Is k a composite number?
False
Suppose -15*a + 53438 = -19837. Is a prime?
False
Let m = 19332 + -11113. Is m composite?
False
Suppose -4*b - 4*k - 4 = 0, 5*k - k = -b + 2. Let p be (2 - b)*9/(-12). Is ((-9)/(-12))/(p/(-996)) a composite number?
True
Let f(x) be the second derivative of x**5/20 + x**4/6 - x**3/2 + x**2/2 - 10*x. Let l be f(-3). Is (2 - 5) + 310*l a prime number?
True
Let r(h) = -h**2 - h - 366. Let x be r(0). Let m = 2945 + x. Is m a prime number?
True
Suppose 0 = -411*p + 400*p + 292589. Is p prime?
False
Suppose k = 2*g + 12, 2*k = 7 - 15. Is (-813)/(-9) + g/6 composite?
False
Suppose -4157*i + 24712 = -4149*i. Is i prime?
True
Let m(z) = 10*z**2 - 17*z - 87. Is m(-14) prime?
True
Let j be 4 - 9 - 6/(-3). Let q be (j + 2)*3 + -27. Let w = 5 - q. Is w a prime number?
False
Let f(m) = m + 6. Let w be 4/20 - (-32)/(-10). Let t be f(w). Is (-27 - -3)*-2 + t composite?
True
Let d = 2216 - 618. Let m(w) = -171*w + 9. Let f be m(6). Let h = f + d. Is h composite?
True
Suppose -21 = -3*l - 5*i - 2, -4*l - 2*i = -2. Let o be -20 - 9 - (l - 1). Is (-4)/o + 30151/143 prime?
True
Let q = 36 - -1373. Is q composite?
False
Let l = -59 + 64. Suppose -2*w = -o - 290 + 1447, 0 = 2*o + l*w - 2287. Is o a composite number?
False
Suppose 6*j = 10*j - 14536. Is (-9)/((-315)/14)*(j + 1) composite?
True
Let f be (-578)/(-51)*3/2. Suppose -2*a = 2*j - 431 - f, -a = 5*j - 1116. Is j a prime number?
True
Let m(n) = -3264*n - 139. Is m(-5) a prime number?
False
Suppose -v + n = 5*n - 5011, -3*n = 12. Is v prime?
False
Let r(i) = i**3 + 4*i**2 - 4*i + 5. Let b be r(-5). Suppose b = -5*k + q + 5131, 0*q + 3065 = 3*k - 4*q. Is k a composite number?
True
Is ((442/(-51))/(2/267))/(-1) a prime number?
False
Let i(l) be the first derivative of 21*l**3/2 - 7*l**2/2 - l - 6. Let s(r) be the first derivative of i(r). Is s(2) a prime number?
False
Suppose 0 = 3*t - 1047 - 711. Is t composite?
True
Let f(x) be the second derivative of x**4/12 + 2*x**3/3 + 449*x**2/2 + 9*x. Is f(0) a prime number?
True
Suppose -5*r + 1538 = -1947. Let k(u) = 1123*u**2 + u. Let z be k(1). Let n = z - r. Is n a prime number?
False
Is (-42 + 9335)*(-1)/2*-2 prime?
True
Is (90648/(-96))/((-2)/8) a prime number?
False
Let j(f) = 2499*f**2 - 21*f - 17. Is j(-1) prime?
True
Suppose -5*h + 35 = 3*a + 2*a, -4*a + 31 = h. Suppose -a*k = -259 - 1773. Is k a prime number?
False
Let n(x) = 577*x - 27. Is n(8) composite?
True
Let p = 341 - 211. Let j = p - -93. Is j a prime number?
True
Suppose 5*f - 5367 = -492. Suppose -7*h = -3194 + f. Is h a prime number?
True
Let i(t) = -t**3 - 6*t**2 + 6. Let v be i(-6). Let w be ((-14)/v - 0)*-3. Let f(d) = -d**3 + 9*d**2 - d - 8. Is f(w) a composite number?
False
Suppose -3*s - 2*s + 153784 = -y, 3*s - 92272 = -y. Is s a prime number?
True
Let m = 1 + 2. Let w be 2*(525/6 + m). Let y = -102 + w. Is y composite?
False
Suppose 229211 = 50*v - 33*v. Is v prime?
False
Let t(l) = 3*l**2. Let s(j) = -3*j**2 + j + 1. Let k(c) = -3*s(c) - 4*t(c). Let h be k(-2). Let n(u) = -u**3 - 8*u**2 + 2*u + 4. Is n(h) composite?
False
Let p(f) = 9*f**2 + 7*f + 3. Suppose -5*q - 60 = -3*o, 37 + 3 = -2*q - 2*o. Is p(q) composite?
True
Suppose q - 8 = -11. Let h(m) = 195*m**2 - 2*m - 4. Is h(q) prime?
False
Let f(u) = -3*u**2 - 7 - 2*u**2 + 4*u**2 + 10*u - 2. Let z be f(6). Is z/(-20)*-508*1 composite?
True
Let s(k) = -464*k - 2. Suppose -2*j - 1 = 3. Is s(j) prime?
False
Let m = 5 - 3. Let k be ((-7)/(-7))/(1/m). Suppose k*l = 3*s + 326, l + 0*s - 163 = 3*s. Is l prime?
True
Let b(j) be the third derivative of -j**6/40 - 3*j**4/8 - 5*j**3/6 + 10*j**2. Is b(-4) a composite number?
False
Let u = 4558 - 1959. Is u composite?
True
Let t be (10/15)/((-2)/(-4098)). Suppose 0*r + 5*q = -r + t, 3*q + 15 = 0. Is r a prime number?
False
Suppose -12*y + 3272 = -270772. Is y a prime number?
False
Suppose -2*f = 4*q - 19342, 4*f + 2*q - 55835 = -17133. Is f composite?
False
Let b be 2/8 - (-25)/(-20) - 9. Is (2402/(-10))/(2/b) prime?
True
Let r = 27 + -13. Suppose 5*q = 4*f - 30, 5*q = -4*f - 16 - r. Is (-842)/q - 4/(-6) prime?
False
Let m be ((-27)/36)/(2/(-8)). Suppose 0 = -m*k + 212 - 44. Is k + -2*(3 + -4) a prime number?
False
Let v = 10 + 1. Suppose 7*z - v*z = -16. Suppose z*i + 0*i = 1876. Is i prime?
False
Let x(w) be the second derivative of w**4/6 - w**3/3 - w**2/2 + 4*w. Let u be x(2). Suppose u*z - 40 - 245 = 0. Is z composite?
True
Suppose -2 = 2*b, 0*b - 4926 = -5*x + b. Let y = x - 518. Is y prime?
True
Let b(m) = 32*m**2 + 9 - 34*m**2 + m**3 - 7*m + 6*m**3. Is b(5) prime?
False
Let u(a) = -2*a + 22. Let l be u(9). Suppose 3*k - 5*w - 6828 = -589, 0 = 3*k + l*w - 6257. Let n = -1460 + k. Is n a prime number?
False
Suppose c - 130 + 47 = 0. Suppose 0 = 4*p - 33 - c. Suppose p*h - 32*h + 93 = 0. Is h composite?
False
Let l = 1 + -3. Is (-1)/l*-6 + 70 a prime number?
True
Suppose -207*a + 205*a = -10090. Is a prime?
False
Let u be 60/8*(-3 - (-11)/3). Suppose 0 = f + f + u*x - 1794, -4 = x. Is f prime?
True
Let c(s) = s**2 + 7*s - 127. Is c(-34) a composite number?
True
Suppose 408 = -v + 2*v. Let q = 1109 - v. Let x = q - 362. Is x composite?
True
Suppose -1 - 14 = -5*r. Is r*3/(45/710) a prime number?
False
Suppose 4*x = 6*f - f - 50, -3*f - 3*x = -3. Is (-29926)/(-6) + (-4)/f composite?
False
Let f(q) = 5*q**2 - 4*q - 7. Let z = -40 - -36. Is f(z) composite?
False
Suppose 1260 = 4*a + a. Let j be (-2 + 0)/((-8)/a). Suppose -n = -4*n + j. Is n prime?
False
Suppose 2*n - j = 14 - 6, -3*j + 20 = 5*n. Suppose 861 = n*h + 265. Is h a prime number?
True
Let s be (-1 - -3)*(-1275)/(-6). Let d = 116 + s. Is d a prime number?
True
Let b = -1670 - -4437. Is b composite?
False
Suppose 3*d = b + d - 16, -88 = -4*b - 4*d. Suppose 10 = -3*s + 4*t - 42, -4*s - 76 = -2*t. Is ((-76)/b)/(4/s) prime?
True
Let t = 17 + -20. Let o be (t/(-5))/(2/20). Is o/(-10) - (-10490)/25 prime?
True
Suppose 0 = -6*s - 0*s - 78. Let w = s + 15. Suppose -x - 3*q = -481, 0 = q - 2*q - w. Is x prime?
True
Let i = -12 + 16. Suppose -i*n = -8*n + 1604. Is n a prime number?
True
Let f be (-13)/(-65) - 28/(-10). Suppose -5 = 2*x + f. Is (6 + x)*1 - -93 a composite number?
True
Let f(j) = -2*j**2 + j - 9. Let m(t) = t**2 + 10. Let c(b) = -6*f(b) - 5*m(b). Let a = 275 - 286. Is c(a) prime?
False
Let n be (-2)/(-9) - 295/(-9). Let g be (n/9 + -1)*69. Suppose -2*q + 7*q = -t + 42, 4*t + 4*q = g. Is t a prime number?
True
Let a = -1806 + 3874. Suppose 4*t + 0*t = a. Is t prime?
False
Let l(v) = v - 1. Let n be l(3). Let r be n/1 - 657 - 0. Let x = r - -1098. Is x a composit